219528972?
2, 3, 13, 36083
List the prime factors of 51053757.
3, 71, 239689
What are the prime factors of 600006439?
787, 762397
What are the prime factors of 680610774?
2, 3, 113435129
List the prime factors of 976699414.
2, 223, 773, 2833
What are the prime factors of 1548769659?
3, 773, 667861
List the prime factors of 49890791.
79, 631529
What are the prime factors of 677204446?
2, 1759, 192497
List the prime factors of 48114971.
48114971
What are the prime factors of 3174130208?
2, 337, 294337
What are the prime factors of 56370488?
2, 59, 119429
List the prime factors of 1010553052.
2, 313, 807151
List the prime factors of 207778720.
2, 5, 1298617
List the prime factors of 18217552.
2, 43, 26479
List the prime factors of 1623657943.
1623657943
List the prime factors of 78226450.
2, 5, 23, 68023
List the prime factors of 339058953.
3, 4185913
List the prime factors of 6246890.
2, 5, 13, 29, 1657
What are the prime factors of 1355795641?
1355795641
List the prime factors of 519733187.
17539, 29633
What are the prime factors of 1318546884?
2, 3, 109878907
List the prime factors of 97514259.
3, 32504753
What are the prime factors of 34276438?
2, 7, 223, 10979
List the prime factors of 6062889169.
6062889169
What are the prime factors of 955104280?
2, 5, 13, 233, 7883
What are the prime factors of 611125451?
611125451
List the prime factors of 1551219902.
2, 433, 1791247
What are the prime factors of 11006310?
2, 3, 5, 7, 17, 3083
What are the prime factors of 87822515?
5, 11, 1019, 1567
List the prime factors of 247047604.
2, 17, 47, 4547
List the prime factors of 27416446.
2, 2083, 6581
List the prime factors of 1431852826.
2, 89, 8044117
List the prime factors of 2138421551.
7, 17, 61, 97, 3037
List the prime factors of 471138574.
2, 421, 559547
List the prime factors of 1891022945.
5, 7, 7718461
What are the prime factors of 404282563?
31, 61, 439, 487
What are the prime factors of 3181697667?
3, 43, 2273, 3617
What are the prime factors of 2174136854?
2, 97, 2683, 4177
List the prime factors of 647849889.
3, 17, 131, 32323
What are the prime factors of 38548910?
2, 5, 19, 202889
List the prime factors of 54480134.
2, 1699, 16033
List the prime factors of 44986744.
2, 11, 511213
What are the prime factors of 209373203?
13, 47, 342673
List the prime factors of 5803314.
2, 3, 11, 23, 3823
What are the prime factors of 26201639?
139, 251, 751
What are the prime factors of 6565184?
2, 19, 5399
What are the prime factors of 308365673?
7, 11, 572107
List the prime factors of 306169135.
5, 19, 3222833
List the prime factors of 762520009.
41, 18598049
What are the prime factors of 28058948?
2, 1063, 6599
List the prime factors of 59465258.
2, 23, 53, 24391
List the prime factors of 2564055503.
29, 593, 149099
List the prime factors of 1987245329.
29, 1609, 42589
What are the prime factors of 1650329460?
2, 3, 5, 13, 705269
List the prime factors of 122976192.
2, 3, 439, 1459
List the prime factors of 211553254.
2, 11, 283, 3089
What are the prime factors of 95259102?
2, 3, 15876517
List the prime factors of 72348619.
7, 10335517
What are the prime factors of 6754229?
47, 131, 1097
List the prime factors of 2984318456.
2, 7, 1093, 48757
What are the prime factors of 1423545377?
419, 3397483
What are the prime factors of 629228405?
5, 13, 744649
What are the prime factors of 182730307?
499, 366193
What are the prime factors of 72616544?
2, 7, 11, 13, 2267
What are the prime factors of 1807191005?
5, 2129, 169769
What are the prime factors of 21866708?
2, 109, 50153
What are the prime factors of 253915794?
2, 3, 11, 61, 21023
List the prime factors of 483544814.
2, 13829, 17483
List the prime factors of 500095107.
3, 149, 124309
What are the prime factors of 674527611?
3, 251, 895787
List the prime factors of 694985961.
3, 139, 1103, 1511
What are the prime factors of 17710436?
2, 4427609
What are the prime factors of 48719480?
2, 5, 41, 61, 487
What are the prime factors of 1114381626?
2, 3, 139, 1336189
List the prime factors of 174495436.
2, 29, 1504271
What are the prime factors of 55020110?
2, 5, 37, 4019
What are the prime factors of 116727499?
7, 43, 387799
What are the prime factors of 714174464?
2, 113, 1543
What are the prime factors of 2209066667?
13003, 169889
List the prime factors of 56019375.
3, 5, 23, 433
What are the prime factors of 34945297?
34945297
List the prime factors of 241736274.
2, 3, 13, 1033061
What are the prime factors of 413519299?
413519299
What are the prime factors of 19133946?
2, 3, 13, 81769
What are the prime factors of 484105002?
2, 3, 1093, 73819
What are the prime factors of 88367943?
3, 47, 626723
What are the prime factors of 596434711?
596434711
List the prime factors of 629378665.
5, 59, 2133487
What are the prime factors of 1075248849?
3, 358416283
What are the prime factors of 213700912?
2, 23, 71, 8179
What are the prime factors of 29671717?
997, 29761
What are the prime factors of 1159124337?
3, 7, 577, 1181
List the prime factors of 570981265.
5, 5653, 20201
What are the prime factors of 80871744?
2, 3, 421207
List the prime factors of 4228372813.
7, 31, 47, 8821
List the prime factors of 3141487090.
2, 5, 7, 44878387
What are the prime factors of 190193190?
2, 3, 5, 11, 443, 1301
What are the prime factors of 1142553259?
9433, 121123
What are the prime factors of 235837236?
2, 3, 151, 157, 829
What are the prime factors of 1073222108?
2, 7, 31, 173, 1021
What are the prime factors of 555432?
2, 3, 23143
List the prime factors of 299962793.
13, 181, 127481
List the prime factors of 1145780081.
463, 2474687
List the prime factors of 2630060126.
2, 1315030063
List the prime factors of 96244330.
2, 5, 7, 13, 29, 521
What are the prime factors of 32914866?
2, 3, 43, 113, 1129
What are the prime factors of 2754251520?
2, 3, 5, 179, 4007
What are the prime factors of 201813115?
5, 7, 823727
List the prime factors of 224808705.
3, 5, 11, 454159
List the prime factors of 1175270412.
2, 3, 41, 193, 12377
List the prime factors of 27661208.
2, 3457651
What are the prime factors of 2169317385?
3, 5, 17, 1487, 1907
What are the prime factors of 134464899?
3, 5939, 7547
List the prime factors of 221886728.
2, 7, 59, 67157
What are the prime factors of 112889234?
2, 5197, 10861
List the prime factors of 180623148.
2, 3, 71, 101, 2099
What are the prime factors of 352339792?
2, 7, 29, 15497
List the prime factors of 62667051.
3, 1117, 18701
List the prime factors of 5951783.
31, 37, 5189
What are the prime factors of 393104687?
37, 2371, 4481
List the prime factors of 4905038280.
2, 3, 5, 41, 149, 6691
List the prime factors of 1823803317.
3, 7, 9649753
What are the prime factors of 1671830653?
19, 173, 508619
What are the prime factors of 118459812?
2, 3, 9871651
What are the prime factors of 122221355?
5, 24444271
What are the prime factors of 831080320?
2, 5, 7, 47, 3947
List the prime factors of 172603853.
29, 37, 160861
What are the prime factors of 38911379?
13, 919, 3257
List the prime factors of 150154255.
5, 827, 36313
List the prime factors of 473302831.
17, 47, 592369
List the prime factors of 35732367.
3, 11, 31, 3881
List the prime factors of 77494284.
2, 3, 7, 197, 223
What are the prime factors of 221094298?
2, 19, 47, 79, 1567
What are the prime factors of 265242286?
2, 557, 238099
What are the prime factors of 6044073952?
2, 7, 23, 167593
List the prime factors of 757837970.
2, 5, 75783797
List the prime factors of 5138730804.
2, 3, 19, 22538293
What are the prime factors of 469908703?
11, 19, 204397
List the prime factors of 69010827.
3, 107, 214987
What are the prime factors of 90939450?
2, 3, 5, 7, 257, 337
What are the prime factors of 245812799?
23, 1571, 6803
What are the prime factors of 177891609?
3, 7, 31, 103, 379
List the prime factors of 898959719.
7, 29, 89, 49757
List the prime factors of 8402620141.
17, 151, 3273323
What are the prime factors of 452382588?
2, 3, 7, 61, 29429
What are the prime factors of 192399182?
2, 173, 556067
What are the prime factors of 1762293012?
2, 3, 47, 3124633
What are the prime factors of 326156009?
107, 223, 13669
List the prime factors of 57831301.
11, 5257391
List the prime factors of 2740493830.
2, 5, 223, 307, 4003
List the prime factors of 57